11?
69a
What is -382 (base 16) in base 14?
-482
What is -2533 (base 6) in base 10?
-633
What is 13224 (base 6) in base 7?
5632
Convert -47146 (base 9) to base 3.
-1121011120
What is -2516 (base 11) in base 5?
-101114
Convert 3c31 (base 15) to base 16.
3247
Convert -1000101 (base 3) to base 16.
-2e3
-312113 (base 5) to base 10
-10283
Convert 648c (base 14) to base 2.
100001111011100
What is 4ab3 (base 15) in base 5?
1002133
Convert 136 (base 10) to base 16.
88
What is 1557 (base 11) in base 16?
7ce
What is -3023 (base 6) in base 2?
-1010010111
What is 4155 (base 8) in base 7?
6201
10012122 (base 3) to base 8
4443
Convert -1918 (base 14) to base 9.
-6183
What is -13010 (base 4) in base 12?
-318
Convert 418 (base 11) to base 4.
13313
What is -10210 (base 3) in base 7?
-204
-18a1 (base 11) to base 5
-34120
-1021012121 (base 3) to base 12
-12521
-111212 (base 3) to base 7
-1043
-45346 (base 10) to base 3
-2022012111
Convert -227c (base 15) to base 14.
-2949
-6071 (base 9) to base 15
-14ad
110221211 (base 3) to base 6
111421
-30102 (base 5) to base 12
-1126
Convert 4089 (base 10) to base 7.
14631
Convert -32232 (base 6) to base 12.
-2678
Convert 123024 (base 5) to base 11.
3641
-70062 (base 8) to base 16
-7032
What is -4e9 (base 15) in base 9?
-1473
Convert 20716 (base 8) to base 5.
234104
Convert -1020133 (base 4) to base 11.
-3538
45a (base 11) to base 14
2b3
Convert 391a (base 13) to base 12.
485b
Convert -762 (base 15) to base 10.
-1667
Convert -23426 (base 7) to base 2.
-1011110011111
What is -5355 (base 6) in base 3?
-1200022
3a5 (base 14) to base 7
2065
What is 75b (base 14) in base 15?
66d
What is 101001010000000 (base 2) in base 6?
241440
Convert -57200 (base 9) to base 16.
-94b6
What is -328 (base 13) in base 7?
-1402
What is 9496 (base 10) in base 4?
2110120
What is -8d64 (base 14) in base 9?
-36650
What is -4e8 (base 16) in base 6?
-5452
What is 8852 (base 11) in base 2?
10110110011001
10141 (base 5) to base 3
220212
-530 (base 10) to base 7
-1355
-44a (base 11) to base 16
-21a
What is -1399 (base 10) in base 16?
-577
Convert -1384 (base 15) to base 12.
-24ba
What is 350 (base 9) in base 4?
10200
4529 (base 13) to base 8
22704
407 (base 12) to base 13
35b
808 (base 15) to base 7
5162
Convert 11a42 (base 13) to base 14.
bbb8
Convert -c37 (base 15) to base 11.
-2082
533 (base 6) to base 8
311
365556 (base 7) to base 10
66828
What is -21 (base 3) in base 14?
-7
Convert -4081 (base 10) to base 13.
-1b1c
4414 (base 5) to base 8
1141
What is -4b19 (base 13) in base 6?
-121221
-25133 (base 7) to base 3
-100001002
101214 (base 7) to base 10
17259
What is -5278 (base 9) in base 16?
-f26
Convert -3245 (base 8) to base 12.
-b99
What is -26607 (base 8) in base 10?
-11655
What is 3983 (base 11) in base 7?
21040
Convert 364 (base 15) to base 13.
472
What is 10010111 (base 4) in base 11?
11577
What is -11a10 (base 11) in base 10?
-17193
What is -23555 (base 8) in base 16?
-276d
-81b (base 12) to base 9
-1545
What is 354 (base 13) in base 5?
4301
Convert -c9d (base 15) to base 9.
-3814
What is -d6a4 (base 14) in base 3?
-1212202002
Convert 4335 (base 6) to base 13.
5b7
Convert -3150 (base 9) to base 15.
-a43
-52817 (base 9) to base 14
-ca2b
-234 (base 8) to base 5
-1111
Convert -102110022 (base 3) to base 5.
-231401
Convert 10010110011 (base 2) to base 7.
3336
What is 1b1 (base 15) in base 11?
326
What is -1567 (base 11) in base 2?
-11111011001
Convert 2432 (base 6) to base 12.
418
-267 (base 11) to base 12
-223
201 (base 12) to base 10
289
-141430 (base 5) to base 6
-43053
Convert 100000010 (base 2) to base 7.
516
129 (base 12) to base 7
342
What is -77c (base 14) in base 10?
-1482
What is 2b87 (base 12) in base 7?
20665
What is -1061 (base 8) in base 12?
-3a9
What is -255 (base 13) in base 5?
-3113
Convert 14414 (base 9) to base 12.
581a
What is 2120 (base 8) in base 10?
1104
What is -22210 (base 6) in base 2?
-110000011110
Convert -863 (base 11) to base 7.
-3011
-1036 (base 7) to base 10
-370
-181 (base 10) to base 11
-155
What is 1042 (base 6) in base 16?
f2
What is 11130 (base 4) in base 5?
2343
Convert -66461 (base 7) to base 9.
-24818
373 (base 10) to base 7
1042
What is 168 (base 15) in base 8?
503
6217 (base 11) to base 10
8246
What is -11111000011 (base 2) in base 11?
-1547
-1420232 (base 5) to base 12
-15056
Convert 18114 (base 10) to base 3.
220211220
Convert -110111110110 (base 2) to base 5.
-103244
Convert -12967 (base 10) to base 5.
-403332
What is 31 (base 8) in base 14?
1b
-14773 (base 10) to base 6
-152221
14363 (base 7) to base 4
331331
Convert 1303 (base 7) to base 10.
493
What is 2120220 (base 3) in base 8?
3537
221 (base 14) to base 4
12211
Convert 1ab (base 15) to base 14.
1d8
What is -1dd5 (base 15) in base 5?
-202000
What is -51130 (base 6) in base 15?
-2000
111011000 (base 2) to base 6
2104
What is 123 (base 13) in base 5?
1243
What is -13321031 (base 4) in base 13?
-11942
Convert 12001031 (base 4) to base 11.
17582
249 (base 10) to base 6
1053
What is 1413 (base 6) in base 11?
306
What is 22111 (base 3) in base 10?
229
Convert -372 (base 8) to base 5.
-2000
What is 6a4 (base 15) in base 16?
5e0
223414 (base 7) to base 13
15082
What is -65a9 (base 13) in base 4?
-3131112
Convert 43410 (base 7) to base 8.
25124
Convert -3626 (base 14) to base 16.
-24e2
11106 (base 10) to base 7
44244
What is -100000111011010 (base 2) in base 5?
-1014413
Convert -a1a8 (base 12) to base 10.
-17552
1323 (base 5) to base 3
21220
-113023 (base 4) to base 8
-2713
-24013 (base 6) to base 12
-2009
665 (base 10) to base 12
475
What is -297 (base 13) in base 16?
-1ce
Convert -22020 (base 3) to base 8.
-336
Convert -b2c (base 14) to base 15.
-9b6
-3614 (base 10) to base 8
-7036
-113024 (base 5) to base 7
-15032
Convert 264a (base 11) to base 13.
174a
Convert 224343 (base 7) to base 14.
107ca
Convert -3001 (base 5) to base 9.
-457
-122220 (base 4) to base 7
-4653
-349 (base 15) to base 5
-10434
Convert 111200002 (base 3) to base 9.
14602
-1101012112 (base 3) to base 9
-41175
Convert 2839a (base 11) to base 2.
1001110111010010
Convert 4042 (base 6) to base 4.
31322
What is -2033310 (base 4) in base 13?
-4260
31122 (base 5) to base 8
3765
1b5f (base 16) to base 10
7007
What is 100022 (base 6) in base 16?
1e6e
What is 550 (base 6) in base 16?
d2
Convert 14752 (base 10) to base 7.
61003
Convert -1a20 (base 14) to base 12.
-28a4
What is 7c7d (base 14) in base 13?
9b30
What is -3405 (base 6) in base 9?
-1075
What is 43301 (base 5) in base 16?
b87
-636 (base 14) to base 10
-1224
-120022 (base 4) to base 13
-91c
Convert -1201202202 (base 3) to base 7.
-201254
What is -10967 (base 15) in base 6?
-1044111
What is -181 (base 13) in base 4?
-10102
Convert 1273 (base 11) to base 3.
2021020
What is 2c6 (base 15) in base 13?
39c
-400 (base 6) to base 5
-1034
Convert 3a1 (base 12) to base 11.
463
Convert -3031 (base 6) to base 11.
-557
101463 (base 7) to base 4
10033233
What is 332 (base 11) in base 3?
112202
Convert 1010110110 (base 2) to base 14.
378
Convert 8666 (base 9) to base 15.
1d53
Convert -4223 (base 5) to base 11.
-472
Convert 13021 (base 9) to base 5.
240032
Convert -218 (base 9) to base 14.
-cb
What is e71e (base 16) in base 10?
59166
What is -100110011 (base 2) in base 8?
-463
Convert -6613 (base 7) to base 3.
-10020111
349 (base 11) to base 15
1cb
111032323 (base 4) to base 6
1510351
Convert -6141 (base 7) to base 9.
-2833
Convert 1211 (base 15) to base 8.
7401
Convert -534115 (base 6) to base 16.
-aa9f
-322 (base 11) to base 4
-12003
-37046 (base 9) to base 15
-7553
What is -2d4 (base 16) in base 2?
-1011010100
-11d (base 14) to base 9
-267
Convert 9835 (base 10) to base 4.
2121223
d8e (base 16) to base 6
24022
Convert 12352 (base 7) to base 12.
1a87
Convert -3086 (base 13) to base 3.
-100012012
Convert -1223103 (base 4) to base 14.
-2707
2440 (base 6) to base 15
2a0
What is 7b25 (base 12) in base 7?
54653
Convert 33631 (base 7) to base 4.
2011210
Convert 405220 (base 6) to base 7.
163035
Convert 1604 (base 16) to base 14.
20a8
What is -309 (base 12) in base 3?
-121100
What is 53a7 (base 12) in base 2?
10001111101111
What is 2c2 (base 16) in base 14?
386
What is -110210 (base 6) in base 5?
-243100
What is 11772 (base 8) in base 10?
5114
11 (base 5) to 